[INFO] fetching crate zipit 0.3.1...
[INFO] checking zipit-0.3.1 against master#9610dfe5a9a731ced1ea4923ecbd0c57fe367898 for beta-170-4
[INFO] extracting crate zipit 0.3.1 into /workspace/builds/worker-4-tc1/source
[INFO] validating manifest of crates.io crate zipit 0.3.1 on toolchain 9610dfe5a9a731ced1ea4923ecbd0c57fe367898
[INFO] running `Command { std: CARGO_HOME="/workspace/cargo-home" RUSTUP_HOME="/workspace/rustup-home" "/workspace/cargo-home/bin/cargo" "+9610dfe5a9a731ced1ea4923ecbd0c57fe367898" "metadata" "--manifest-path" "Cargo.toml" "--no-deps", kill_on_drop: false }`
[INFO] started tweaking crates.io crate zipit 0.3.1
[INFO] removed 0 missing examples
[INFO] finished tweaking crates.io crate zipit 0.3.1
[INFO] tweaked toml for crates.io crate zipit 0.3.1 written to /workspace/builds/worker-4-tc1/source/Cargo.toml
[INFO] crate crates.io crate zipit 0.3.1 already has a lockfile, it will not be regenerated
[INFO] running `Command { std: CARGO_HOME="/workspace/cargo-home" RUSTUP_HOME="/workspace/rustup-home" "/workspace/cargo-home/bin/cargo" "+9610dfe5a9a731ced1ea4923ecbd0c57fe367898" "fetch" "--manifest-path" "Cargo.toml", kill_on_drop: false }`
[INFO] [stderr]  Downloading crates ...
[INFO] [stderr]   Downloaded mio v0.8.1
[INFO] [stderr]   Downloaded tokio-util v0.7.0
[INFO] [stderr]   Downloaded libc v0.2.120
[INFO] running `Command { std: "docker" "create" "-v" "/var/lib/crater-agent-workspace/builds/worker-4-tc1/target:/opt/rustwide/target:rw,Z" "-v" "/var/lib/crater-agent-workspace/builds/worker-4-tc1/source:/opt/rustwide/workdir:ro,Z" "-v" "/var/lib/crater-agent-workspace/cargo-home:/opt/rustwide/cargo-home:ro,Z" "-v" "/var/lib/crater-agent-workspace/rustup-home:/opt/rustwide/rustup-home:ro,Z" "-e" "SOURCE_DIR=/opt/rustwide/workdir" "-e" "CARGO_TARGET_DIR=/opt/rustwide/target" "-e" "CARGO_HOME=/opt/rustwide/cargo-home" "-e" "RUSTUP_HOME=/opt/rustwide/rustup-home" "-w" "/opt/rustwide/workdir" "-m" "1610612736" "--user" "0:0" "--network" "none" "ghcr.io/rust-lang/crates-build-env/linux@sha256:19e73879b68f455e41552ea35293514db52ea292d993f571636dbffedb77a1ee" "/opt/rustwide/cargo-home/bin/cargo" "+9610dfe5a9a731ced1ea4923ecbd0c57fe367898" "metadata" "--no-deps" "--format-version=1", kill_on_drop: false }`
[INFO] [stdout] bca21f726b1c5aeb7bded0ce4d2005d298823fde7e5f159ad580f39717f48699
[INFO] running `Command { std: "docker" "start" "-a" "bca21f726b1c5aeb7bded0ce4d2005d298823fde7e5f159ad580f39717f48699", kill_on_drop: false }`
[INFO] running `Command { std: "docker" "inspect" "bca21f726b1c5aeb7bded0ce4d2005d298823fde7e5f159ad580f39717f48699", kill_on_drop: false }`
[INFO] running `Command { std: "docker" "rm" "-f" "bca21f726b1c5aeb7bded0ce4d2005d298823fde7e5f159ad580f39717f48699", kill_on_drop: false }`
[INFO] [stdout] bca21f726b1c5aeb7bded0ce4d2005d298823fde7e5f159ad580f39717f48699
[INFO] running `Command { std: "docker" "create" "-v" "/var/lib/crater-agent-workspace/builds/worker-4-tc1/target:/opt/rustwide/target:rw,Z" "-v" "/var/lib/crater-agent-workspace/builds/worker-4-tc1/source:/opt/rustwide/workdir:ro,Z" "-v" "/var/lib/crater-agent-workspace/cargo-home:/opt/rustwide/cargo-home:ro,Z" "-v" "/var/lib/crater-agent-workspace/rustup-home:/opt/rustwide/rustup-home:ro,Z" "-e" "SOURCE_DIR=/opt/rustwide/workdir" "-e" "CARGO_TARGET_DIR=/opt/rustwide/target" "-e" "CARGO_INCREMENTAL=0" "-e" "RUST_BACKTRACE=full" "-e" "RUSTFLAGS=--cap-lints=forbid" "-e" "RUSTDOCFLAGS=--cap-lints=forbid" "-e" "CARGO_HOME=/opt/rustwide/cargo-home" "-e" "RUSTUP_HOME=/opt/rustwide/rustup-home" "-w" "/opt/rustwide/workdir" "-m" "1610612736" "--user" "0:0" "--network" "none" "ghcr.io/rust-lang/crates-build-env/linux@sha256:19e73879b68f455e41552ea35293514db52ea292d993f571636dbffedb77a1ee" "/opt/rustwide/cargo-home/bin/cargo" "+9610dfe5a9a731ced1ea4923ecbd0c57fe367898" "check" "--frozen" "--all" "--all-targets" "--message-format=json", kill_on_drop: false }`
[INFO] [stdout] f39b6c8a5610f11e20937b4128b7e4d9eff2344ab6e2549052efcfe73d72576e
[INFO] running `Command { std: "docker" "start" "-a" "f39b6c8a5610f11e20937b4128b7e4d9eff2344ab6e2549052efcfe73d72576e", kill_on_drop: false }`
[INFO] [stderr]    Compiling proc-macro2 v1.0.36
[INFO] [stderr]    Compiling unicode-xid v0.2.2
[INFO] [stderr]     Checking cfg-if v1.0.0
[INFO] [stderr]    Compiling syn v1.0.89
[INFO] [stderr]    Compiling libc v0.2.120
[INFO] [stderr]    Compiling log v0.4.14
[INFO] [stderr]     Checking pin-project-lite v0.2.8
[INFO] [stderr]    Compiling futures-core v0.3.21
[INFO] [stderr]     Checking bytes v1.1.0
[INFO] [stderr]    Compiling futures-task v0.3.21
[INFO] [stderr]    Compiling memchr v2.4.1
[INFO] [stderr]     Checking fnv v1.0.7
[INFO] [stderr]    Compiling futures-channel v0.3.21
[INFO] [stderr]     Checking itoa v1.0.1
[INFO] [stderr]     Checking lazy_static v1.4.0
[INFO] [stderr]    Compiling futures-util v0.3.21
[INFO] [stderr]    Compiling crc32fast v1.3.2
[INFO] [stderr]    Compiling httparse v1.6.0
[INFO] [stderr]     Checking http v0.2.6
[INFO] [stderr]     Checking tracing-core v0.1.23
[INFO] [stderr]     Checking try-lock v0.2.3
[INFO] [stderr]    Compiling quote v1.0.15
[INFO] [stderr]     Checking futures-io v0.3.21
[INFO] [stderr]     Checking pin-utils v0.1.0
[INFO] [stderr]     Checking slab v0.4.5
[INFO] [stderr]     Checking want v0.3.0
[INFO] [stderr]     Checking tracing v0.1.32
[INFO] [stderr]     Checking tower-service v0.3.1
[INFO] [stderr]     Checking num_cpus v1.13.1
[INFO] [stderr]     Checking socket2 v0.4.4
[INFO] [stderr]     Checking mio v0.8.1
[INFO] [stderr]     Checking futures-sink v0.3.21
[INFO] [stderr]     Checking httpdate v1.0.2
[INFO] [stderr]     Checking zipit v0.3.1 (/opt/rustwide/workdir)
[INFO] [stdout] warning: unused import: `std::io::Error as IoError`
[INFO] [stdout]   --> src/lib.rs:92:5
[INFO] [stdout]    |
[INFO] [stdout] 92 | use std::io::Error as IoError;
[INFO] [stdout]    |     ^^^^^^^^^^^^^^^^^^^^^^^^^
[INFO] [stdout]    |
[INFO] [stdout]    = note: `#[warn(unused_imports)]` on by default
[INFO] [stdout] 
[INFO] [stdout] 
[INFO] [stdout] warning: unused import: `crc32fast::Hasher`
[INFO] [stdout]    --> src/lib.rs:100:5
[INFO] [stdout]     |
[INFO] [stdout] 100 | use crc32fast::Hasher;
[INFO] [stdout]     |     ^^^^^^^^^^^^^^^^^
[INFO] [stdout] 
[INFO] [stdout] 
[INFO] [stdout] warning: unused macro definition: `header`
[INFO] [stdout]    --> src/lib.rs:172:14
[INFO] [stdout]     |
[INFO] [stdout] 172 | macro_rules! header {
[INFO] [stdout]     |              ^^^^^^
[INFO] [stdout]     |
[INFO] [stdout]     = note: `#[warn(unused_macros)]` on by default
[INFO] [stdout] 
[INFO] [stdout] 
[INFO] [stdout] warning: fields `name`, `size`, `crc`, `offset`, and `datetime` are never read
[INFO] [stdout]    --> src/lib.rs:108:5
[INFO] [stdout]     |
[INFO] [stdout] 107 | struct FileInfo {
[INFO] [stdout]     |        -------- fields in this struct
[INFO] [stdout] 108 |     name: String,
[INFO] [stdout]     |     ^^^^
[INFO] [stdout] 109 |     size: usize,
[INFO] [stdout]     |     ^^^^
[INFO] [stdout] 110 |     crc: u32,
[INFO] [stdout]     |     ^^^
[INFO] [stdout] 111 |     offset: usize,
[INFO] [stdout]     |     ^^^^^^
[INFO] [stdout] 112 |     datetime: (u16, u16),
[INFO] [stdout]     |     ^^^^^^^^
[INFO] [stdout]     |
[INFO] [stdout]     = note: `FileInfo` has a derived impl for the trait `Debug`, but this is intentionally ignored during dead code analysis
[INFO] [stdout]     = note: `#[warn(dead_code)]` on by default
[INFO] [stdout] 
[INFO] [stdout] 
[INFO] [stdout] warning: methods `tuple` and `ms_dos` are never used
[INFO] [stdout]    --> src/lib.rs:136:8
[INFO] [stdout]     |
[INFO] [stdout] 135 | impl FileDateTime {
[INFO] [stdout]     | ----------------- methods in this implementation
[INFO] [stdout] 136 |     fn tuple(&self) -> (u16, u16, u16, u16, u16, u16) {
[INFO] [stdout]     |        ^^^^^
[INFO] [stdout] ...
[INFO] [stdout] 143 |     fn ms_dos(&self) -> (u16, u16) {
[INFO] [stdout]     |        ^^^^^^
[INFO] [stdout] 
[INFO] [stdout] 
[INFO] [stdout] warning: fields `sink`, `files_info`, and `written` are never read
[INFO] [stdout]    --> src/lib.rs:218:5
[INFO] [stdout]     |
[INFO] [stdout] 217 | pub struct Archive<W> {
[INFO] [stdout]     |            ------- fields in this struct
[INFO] [stdout] 218 |     sink: W,
[INFO] [stdout]     |     ^^^^
[INFO] [stdout] 219 |     files_info: Vec<FileInfo>,
[INFO] [stdout]     |     ^^^^^^^^^^
[INFO] [stdout] 220 |     written: usize,
[INFO] [stdout]     |     ^^^^^^^
[INFO] [stdout]     |
[INFO] [stdout]     = note: `Archive` has a derived impl for the trait `Debug`, but this is intentionally ignored during dead code analysis
[INFO] [stdout] 
[INFO] [stdout] 
[INFO] [stdout] warning: 6 warnings emitted
[INFO] [stdout] 
[INFO] [stdout] 
[INFO] [stderr]     Checking http-body v0.4.4
[INFO] [stderr]    Compiling tokio-macros v1.7.0
[INFO] [stderr]    Compiling futures-macro v0.3.21
[INFO] [stderr]     Checking tokio v1.17.0
[INFO] [stderr]     Checking hyper v0.14.17
[INFO] [stderr]     Checking tokio-util v0.7.0
[INFO] [stdout] warning: unused import: `std::io::Error as IoError`
[INFO] [stdout]   --> src/lib.rs:92:5
[INFO] [stdout]    |
[INFO] [stdout] 92 | use std::io::Error as IoError;
[INFO] [stdout]    |     ^^^^^^^^^^^^^^^^^^^^^^^^^
[INFO] [stdout]    |
[INFO] [stdout]    = note: `#[warn(unused_imports)]` on by default
[INFO] [stdout] 
[INFO] [stdout] 
[INFO] [stdout] warning: unused import: `crc32fast::Hasher`
[INFO] [stdout]    --> src/lib.rs:100:5
[INFO] [stdout]     |
[INFO] [stdout] 100 | use crc32fast::Hasher;
[INFO] [stdout]     |     ^^^^^^^^^^^^^^^^^
[INFO] [stdout] 
[INFO] [stdout] 
[INFO] [stdout] warning: unused macro definition: `header`
[INFO] [stdout]    --> src/lib.rs:172:14
[INFO] [stdout]     |
[INFO] [stdout] 172 | macro_rules! header {
[INFO] [stdout]     |              ^^^^^^
[INFO] [stdout]     |
[INFO] [stdout]     = note: `#[warn(unused_macros)]` on by default
[INFO] [stdout] 
[INFO] [stdout] 
[INFO] [stdout] error[E0599]: no method named `append` found for struct `Archive` in the current scope
[INFO] [stdout]    --> src/lib.rs:420:14
[INFO] [stdout]     |
[INFO] [stdout] 217 |   pub struct Archive<W> {
[INFO] [stdout]     |   --------------------- method `append` not found for this struct
[INFO] [stdout] ...
[INFO] [stdout] 419 | /         archive
[INFO] [stdout] 420 | |             .append(
[INFO] [stdout]     | |             -^^^^^^ method not found in `Archive<Vec<_>>`
[INFO] [stdout]     | |_____________|
[INFO] [stdout]     | 
[INFO] [stdout]     |
[INFO] [stdout] help: some of the expressions' fields have a method of the same name
[INFO] [stdout]     |
[INFO] [stdout] 420 |             .files_info.append(
[INFO] [stdout]     |              +++++++++++
[INFO] [stdout] 420 |             .sink.append(
[INFO] [stdout]     |              +++++
[INFO] [stdout] 
[INFO] [stdout] 
[INFO] [stdout] error[E0599]: no variant or associated item named `now` found for enum `FileDateTime` in the current scope
[INFO] [stdout]    --> src/lib.rs:422:31
[INFO] [stdout]     |
[INFO] [stdout] 121 | pub enum FileDateTime {
[INFO] [stdout]     | --------------------- variant or associated item `now` not found for this enum
[INFO] [stdout] ...
[INFO] [stdout] 422 |                 FileDateTime::now(),
[INFO] [stdout]     |                               ^^^ variant or associated item not found in `FileDateTime`
[INFO] [stdout] 
[INFO] [stdout] 
[INFO] [stdout] error[E0599]: no method named `append` found for struct `Archive` in the current scope
[INFO] [stdout]    --> src/lib.rs:428:14
[INFO] [stdout]     |
[INFO] [stdout] 217 |   pub struct Archive<W> {
[INFO] [stdout]     |   --------------------- method `append` not found for this struct
[INFO] [stdout] ...
[INFO] [stdout] 427 | /         archive
[INFO] [stdout] 428 | |             .append(
[INFO] [stdout]     | |             -^^^^^^ method not found in `Archive<Vec<_>>`
[INFO] [stdout]     | |_____________|
[INFO] [stdout]     | 
[INFO] [stdout]     |
[INFO] [stdout] help: some of the expressions' fields have a method of the same name
[INFO] [stdout]     |
[INFO] [stdout] 428 |             .files_info.append(
[INFO] [stdout]     |              +++++++++++
[INFO] [stdout] 428 |             .sink.append(
[INFO] [stdout]     |              +++++
[INFO] [stdout] 
[INFO] [stdout] 
[INFO] [stdout] error[E0599]: no variant or associated item named `now` found for enum `FileDateTime` in the current scope
[INFO] [stdout]    --> src/lib.rs:430:31
[INFO] [stdout]     |
[INFO] [stdout] 121 | pub enum FileDateTime {
[INFO] [stdout]     | --------------------- variant or associated item `now` not found for this enum
[INFO] [stdout] ...
[INFO] [stdout] 430 |                 FileDateTime::now(),
[INFO] [stdout]     |                               ^^^ variant or associated item not found in `FileDateTime`
[INFO] [stdout] 
[INFO] [stdout] 
[INFO] [stdout] error[E0599]: no method named `finalize` found for struct `Archive` in the current scope
[INFO] [stdout]    --> src/lib.rs:435:28
[INFO] [stdout]     |
[INFO] [stdout] 217 | pub struct Archive<W> {
[INFO] [stdout]     | --------------------- method `finalize` not found for this struct
[INFO] [stdout] ...
[INFO] [stdout] 435 |         let data = archive.finalize().await.unwrap();
[INFO] [stdout]     |                            ^^^^^^^^ method not found in `Archive<Vec<_>>`
[INFO] [stdout] 
[INFO] [stdout] 
[INFO] [stdout] error: aborting due to 5 previous errors; 3 warnings emitted
[INFO] [stdout] 
[INFO] [stdout] 
[INFO] [stdout] For more information about this error, try `rustc --explain E0599`.
[INFO] [stdout] 
[INFO] [stderr] error: could not compile `zipit` (lib test) due to 6 previous errors; 3 warnings emitted
[INFO] running `Command { std: "docker" "inspect" "f39b6c8a5610f11e20937b4128b7e4d9eff2344ab6e2549052efcfe73d72576e", kill_on_drop: false }`
[INFO] running `Command { std: "docker" "rm" "-f" "f39b6c8a5610f11e20937b4128b7e4d9eff2344ab6e2549052efcfe73d72576e", kill_on_drop: false }`
[INFO] [stdout] f39b6c8a5610f11e20937b4128b7e4d9eff2344ab6e2549052efcfe73d72576e
